se 3) to base 5.
21102204
1111101101100011 (base 2) to base 11
44395
Convert -2161150 (base 7) to base 11.
-172611
26342313 (base 7) to base 2
1001001101010100011000
What is 2685752 (base 9) in base 16?
167d83
-462124 (base 9) to base 7
-2232640
What is 43220 (base 11) in base 5?
4002241
What is 1243002 (base 9) in base 16?
a5854
12211001200 (base 3) to base 4
123331002
13d9cb (base 14) to base 13
1b24ba
What is -27211 (base 12) in base 6?
-1053221
What is 547561 (base 8) in base 15?
39887
13124076 (base 8) to base 9
5450547
Convert -5bc3 (base 13) to base 4.
-3023023
Convert 2a98985 (base 11) to base 9.
10863382
Convert 261510 (base 12) to base 3.
1011201201010
Convert 3920e0 (base 15) to base 2.
1010011101000111100110
What is -1440040 (base 10) in base 8?
-5374450
What is -2745046 (base 11) in base 2?
-10010000100001100000100
a6a96b (base 12) to base 15
36ea15
What is 17423 (base 12) in base 6?
414443
-433117 (base 8) to base 12
-6ba93
Convert 1422111 (base 5) to base 15.
8bc1
Convert 2d0470 (base 14) to base 9.
2861702
What is -31c34d (base 14) in base 7?
-20216626
-8d3d7 (base 14) to base 15
-6bcd7
Convert 3517270 (base 8) to base 9.
1720275
514a74a (base 12) to base 11
8697138
-1268585 (base 9) to base 10
-695219
What is 1ea48c (base 16) in base 4?
13222102030
Convert 1011001110000110100 (base 2) to base 9.
620310
13876 (base 10) to base 16
3634
Convert -1205201 (base 6) to base 5.
-4011421
Convert 101002222120 (base 3) to base 9.
332876
1a4a21 (base 16) to base 7
20434033
Convert 12211133 (base 5) to base 11.
7a515
Convert -667277 (base 9) to base 16.
-61693
What is -257466b (base 12) in base 5?
-3341303024
Convert -10010111101 (base 2) to base 7.
-3352
What is -51234435 (base 6) in base 8?
-5460667
-7b8a12 (base 12) to base 13
-546797
Convert -cb6d5 (base 14) to base 7.
-4120655
Convert -20232211 (base 5) to base 7.
-1254056
Convert 200200212222 (base 3) to base 6.
11515555
What is ac78 (base 15) in base 5?
2132223
5114453 (base 6) to base 2
111011011011000001
16632611 (base 7) to base 16
190046
Convert 52555521 (base 6) to base 14.
2c1133
Convert -140794 (base 10) to base 4.
-202113322
Convert -101313212 (base 4) to base 6.
-1322502
What is 361a032 (base 11) in base 12?
214303b
What is -131103313 (base 5) in base 7?
-5322105
-241956 (base 12) to base 5
-122134243
Convert -22166c5 (base 13) to base 15.
-db3117
81a5b (base 13) to base 11
14970a
-2ccbd (base 16) to base 5
-21332420
-16702 (base 16) to base 4
-112130002
-111001000011111011 (base 2) to base 3
-102212121102
What is -11344045 (base 6) in base 13?
-c6065
-100010100110010001001 (base 2) to base 14
-21722d
Convert -430004443 (base 5) to base 8.
-6666572
21a072 (base 15) to base 16
1876a0
Convert 2184483 (base 13) to base 6.
1003545430
-65c4a (base 13) to base 16
-2d079
What is 26db7 (base 14) in base 12?
47685
11300233 (base 4) to base 12
117a7
Convert 27b33b (base 13) to base 10.
967237
Convert 71a09 (base 13) to base 6.
4211343
Convert c919a (base 15) to base 16.
9bd25
Convert -337327 (base 8) to base 6.
-2241331
-55bd0a (base 16) to base 7
-65521535
What is 6652201 (base 8) in base 7?
21136611
20315025 (base 6) to base 3
1002202021122
Convert 22401620 (base 7) to base 2.
111011100001000110111
What is 74a329 (base 14) in base 10?
3946497
What is ccb46 (base 13) in base 7?
3103446
1033533 (base 6) to base 2
1100100011000001
52667 (base 12) to base 4
122120233
48a31b0 (base 12) to base 9
28552536
What is 157142 (base 10) in base 13?
566ab
Convert -1000110110110101011111 (base 2) to base 5.
-1043244014
What is -858124 (base 13) in base 8?
-13743054
What is 200122002221210 (base 3) in base 10?
9902703
What is 2443011200 (base 5) in base 9?
11863703
Convert -18d2a (base 15) to base 8.
-235316
What is 65223544 (base 7) in base 15?
75021a
What is -305166b (base 13) in base 9?
-30462742
Convert 221102022021022 (base 3) to base 13.
2a4c847
Convert -100001001010011110011 (base 2) to base 11.
-682506
What is 351301 (base 7) in base 5?
4003132
Convert -4244015 (base 7) to base 10.
-515198
What is 1636985 (base 12) in base 10?
4552949
What is 1100121220202 (base 3) in base 8?
2600030
Convert -1110110100101000010 (base 2) to base 14.
-c900a
Convert 4475030 (base 8) to base 2.
100100111101000011000
What is -3104313004 (base 5) in base 9?
-12806321
Convert 1200414 (base 6) to base 14.
18a26
Convert -153b5 (base 12) to base 4.
-13103321
What is -205391 (base 12) in base 10?
-506845
Convert -101774 (base 14) to base 4.
-2010111122
15212532 (base 6) to base 16
81908
103312231 (base 4) to base 2
10011110110101101
What is 11122041 (base 5) in base 14?
27c04
What is -1918b (base 14) in base 16?
-f7c7
4dcc9 (base 16) to base 3
121012010102
What is -173187 (base 9) in base 15?
-21bed
What is -165139 (base 12) in base 16?
-5d47d
What is -8a989 (base 12) in base 11?
-116740
Convert 13584 (base 11) to base 5.
1104311
-121510 (base 10) to base 3
-20011200101
What is -9025 (base 13) in base 2?
-100110101011100
What is -103526 (base 7) in base 13?
-8315
Convert -613133 (base 8) to base 4.
-301121123
What is 8b782 (base 13) in base 16?
3dff8
Convert -51154 (base 6) to base 11.
-50a1
Convert -221022123 (base 4) to base 14.
-45631
2136527 (base 8) to base 11
361360
Convert 2101102122 (base 4) to base 7.
5025660
Convert 101001101110011010 (base 2) to base 15.
3598b
What is 11201200212202 (base 3) in base 9?
4650782
Convert 790a18 (base 14) to base 15.
5637b4
What is -13a39 (base 11) in base 7?
-111656
Convert 1000210021120 (base 3) to base 13.
161c55
Convert -34c8 (base 13) to base 11.
-5646
36ddd (base 14) to base 15
29c8a
Convert 1101001000101100001101 (base 2) to base 12.
11a08b9
Convert -392172 (base 12) to base 9.
-1677045
What is 28710 (base 12) in base 8?
155774
Convert -a2127b (base 12) to base 2.
-1001101010001000111111
77044 (base 11) to base 2
11011010011101100
Convert -4d23 (base 16) to base 3.
-1000002101
-103506 (base 12) to base 10
-254742
-574727 (base 13) to base 9
-3788505
Convert 1a3919 (base 14) to base 16.
e38a3
Convert -41405450 (base 6) to base 3.
-2020220101110
Convert -20222010120000 (base 3) to base 13.
-9c862b
Convert -1611d (base 15) to base 4.
-101113120
Convert -7a0660 (base 12) to base 7.
-22401324
What is -55414aa (base 11) in base 3?
-200022000012211
-2332212210 (base 4) to base 15
-1064c3
1100010010111001110 (base 2) to base 6
12345130
What is 21752167 (base 8) in base 7?
55004223
Convert 3428976 (base 10) to base 11.
1a32271
-9725b (base 12) to base 5
-22332304
What is -a5ae (base 15) in base 12?
-1833b
What is 47145 (base 9) in base 14?
b67b
-1766528 (base 11) to base 2
-1011011011010010111001
What is 1525013 (base 7) in base 11?
132483
Convert -32303241 (base 5) to base 4.
-1003033312
Convert 2a60fd (base 16) to base 3.
12020002210111
838f6b (base 16) to base 12
2a79663
2c5b8 (base 13) to base 14
22b06
Convert 3318317 (base 10) to base 2.
1100101010001000101101
Convert -1001100011001010111 (base 2) to base 3.
-120220020121
-1403224420 (base 5) to base 11
-201971a
What is -27b898 (base 13) in base 10?
-968157
Convert -75326 (base 13) to base 12.
-a244b
165529 (base 10) to base 3
22102001201
1f34e (base 16) to base 15
27d17
Convert -2121210 (base 5) to base 7.
-206250
What is -31220232 (base 4) in base 7?
-321561
Convert 100010010100010001 (base 2) to base 15.
2b9ab
Convert -2010211200 (base 3) to base 6.
-523113
-123312033 (base 4) to base 13
-3cbc1
156a868 (base 11) to base 4
22032003212
What is 4d6807 (base 14) in base 2?
1010001011100011000111
What is 12556 (base 13) in base 16?
844f
What is 111111010100100000 (base 2) in base 14?
6a73a
Convert -163924 (base 10) to base 13.
-597c7
What is 413432012 (base 6) in base 13?
164236a
Convert -18512224 (base 10) to base 13.
-3ab21a3
Convert -4103 (base 16) to base 11.
-11560
Convert -aa8983 (base 11) to base 12.
-7136b8
Convert 2044505 (base 6) to base 4.
120103121
Convert -4374a (base 13) to base 16.
-1dce0
Convert -3233112110 (base 4) to base 14.
-1b73c8
What is 1b81c (base 15) in base 4?
111313221
What is 291275 (base 12) in base 8?
2474471
-c175b (base 15) to base 4
-2111202320
What is -13373617 (base 9) in base 11?
-37aaa78
Convert 16053142 (base 7) to base 9.
2810874
What is 2de49 (base 16) in base 14?
4c70d
1100000011